{"id":4645,"date":"2020-07-06T16:55:43","date_gmt":"2020-07-06T21:55:43","guid":{"rendered":"http:\/\/ecomarketcolombia.com\/?post_type=product&#038;p=4645"},"modified":"2021-06-16T23:09:57","modified_gmt":"2021-06-17T04:09:57","slug":"cremaalmendra","status":"publish","type":"product","link":"https:\/\/ecomarketcolombia.com\/index.php\/product\/cremaalmendra\/","title":{"rendered":"Crema de almendra"},"content":{"rendered":"","protected":false},"excerpt":{"rendered":"<p>Cremas de nueces en presentaci\u00f3n de 230gr , producidas por los compa\u00f1eros de Nutti no tienen ning\u00fan aditivo o conservante, son 100% la nuez sin sal ni az\u00facar<\/p>\n","protected":false},"featured_media":4897,"comment_status":"closed","ping_status":"closed","template":"","meta":[],"class_list":["post-4645","product","type-product","status-publish","has-post-thumbnail","hentry","product_cat-nuecessemillas","product_tag-almendra","product_tag-crema-de-nueces","product_tag-frutos-secos","product_tag-nueces","product_tag-semillas"],"_links":{"self":[{"href":"https:\/\/ecomarketcolombia.com\/index.php\/wp-json\/wp\/v2\/product\/4645","targetHints":{"allow":["GET"]}}],"collection":[{"href":"https:\/\/ecomarketcolombia.com\/index.php\/wp-json\/wp\/v2\/product"}],"about":[{"href":"https:\/\/ecomarketcolombia.com\/index.php\/wp-json\/wp\/v2\/types\/product"}],"replies":[{"embeddable":true,"href":"https:\/\/ecomarketcolombia.com\/index.php\/wp-json\/wp\/v2\/comments?post=4645"}],"version-history":[{"count":5,"href":"https:\/\/ecomarketcolombia.com\/index.php\/wp-json\/wp\/v2\/product\/4645\/revisions"}],"predecessor-version":[{"id":6896,"href":"https:\/\/ecomarketcolombia.com\/index.php\/wp-json\/wp\/v2\/product\/4645\/revisions\/6896"}],"wp:featuredmedia":[{"embeddable":true,"href":"https:\/\/ecomarketcolombia.com\/index.php\/wp-json\/wp\/v2\/media\/4897"}],"wp:attachment":[{"href":"https:\/\/ecomarketcolombia.com\/index.php\/wp-json\/wp\/v2\/media?parent=4645"}],"curies":[{"name":"wp","href":"https:\/\/api.w.org\/{rel}","templated":true}]}}