{"id":4741,"date":"2020-07-09T22:15:46","date_gmt":"2020-07-10T03:15:46","guid":{"rendered":"http:\/\/ecomarketcolombia.com\/?post_type=product&#038;p=4741"},"modified":"2021-06-16T23:07:41","modified_gmt":"2021-06-17T04:07:41","slug":"cremademacadamia","status":"publish","type":"product","link":"https:\/\/ecomarketcolombia.com\/index.php\/product\/cremademacadamia\/","title":{"rendered":"Crema de macadamia"},"content":{"rendered":"","protected":false},"excerpt":{"rendered":"<p>Cremas de nueces en presentaci\u00f3n de 230gr , producidas por los compa\u00f1eros de Nutti no tienen ning\u00fan aditivo o conservante, son 100% la nuez sin sal ni az\u00facar<\/p>\n","protected":false},"featured_media":4744,"comment_status":"closed","ping_status":"closed","template":"","meta":[],"class_list":["post-4741","product","type-product","status-publish","has-post-thumbnail","hentry","product_cat-nuecessemillas","product_tag-crema-nueces","product_tag-frutos-secos","product_tag-local","product_tag-macadamia","product_tag-nueces"],"_links":{"self":[{"href":"https:\/\/ecomarketcolombia.com\/index.php\/wp-json\/wp\/v2\/product\/4741","targetHints":{"allow":["GET"]}}],"collection":[{"href":"https:\/\/ecomarketcolombia.com\/index.php\/wp-json\/wp\/v2\/product"}],"about":[{"href":"https:\/\/ecomarketcolombia.com\/index.php\/wp-json\/wp\/v2\/types\/product"}],"replies":[{"embeddable":true,"href":"https:\/\/ecomarketcolombia.com\/index.php\/wp-json\/wp\/v2\/comments?post=4741"}],"version-history":[{"count":4,"href":"https:\/\/ecomarketcolombia.com\/index.php\/wp-json\/wp\/v2\/product\/4741\/revisions"}],"predecessor-version":[{"id":6895,"href":"https:\/\/ecomarketcolombia.com\/index.php\/wp-json\/wp\/v2\/product\/4741\/revisions\/6895"}],"wp:featuredmedia":[{"embeddable":true,"href":"https:\/\/ecomarketcolombia.com\/index.php\/wp-json\/wp\/v2\/media\/4744"}],"wp:attachment":[{"href":"https:\/\/ecomarketcolombia.com\/index.php\/wp-json\/wp\/v2\/media?parent=4741"}],"curies":[{"name":"wp","href":"https:\/\/api.w.org\/{rel}","templated":true}]}}