{"id":4996,"date":"2020-07-16T20:13:47","date_gmt":"2020-07-17T01:13:47","guid":{"rendered":"http:\/\/ecomarketcolombia.com\/?post_type=product&#038;p=4996"},"modified":"2020-07-22T23:28:17","modified_gmt":"2020-07-23T04:28:17","slug":"cremahumectantesolida","status":"publish","type":"product","link":"https:\/\/ecomarketcolombia.com\/index.php\/product\/cremahumectantesolida\/","title":{"rendered":"Crema humectante s\u00f3lida"},"content":{"rendered":"","protected":false},"excerpt":{"rendered":"<p>Crema humectante s\u00f3lida natural de la marca Oiris, sin qu\u00edmicos ni aditivos t\u00f3xicos. Presentaci\u00f3n disponible de 60 gramos<\/p>\n","protected":false},"featured_media":5076,"comment_status":"closed","ping_status":"closed","template":"","meta":[],"class_list":["post-4996","product","type-product","status-publish","has-post-thumbnail","hentry","product_cat-cuidadopersonal","product_tag-55-gramos","product_tag-aseo","product_tag-comercio-justo","product_tag-corporal","product_tag-crema-humectante","product_tag-cuidado","product_tag-eco","product_tag-local","product_tag-natural","product_tag-natural-y-biodegradable","product_tag-personal","product_tag-saludable","product_tag-sin-quimicos","product_tag-solido"],"_links":{"self":[{"href":"https:\/\/ecomarketcolombia.com\/index.php\/wp-json\/wp\/v2\/product\/4996","targetHints":{"allow":["GET"]}}],"collection":[{"href":"https:\/\/ecomarketcolombia.com\/index.php\/wp-json\/wp\/v2\/product"}],"about":[{"href":"https:\/\/ecomarketcolombia.com\/index.php\/wp-json\/wp\/v2\/types\/product"}],"replies":[{"embeddable":true,"href":"https:\/\/ecomarketcolombia.com\/index.php\/wp-json\/wp\/v2\/comments?post=4996"}],"version-history":[{"count":1,"href":"https:\/\/ecomarketcolombia.com\/index.php\/wp-json\/wp\/v2\/product\/4996\/revisions"}],"predecessor-version":[{"id":5000,"href":"https:\/\/ecomarketcolombia.com\/index.php\/wp-json\/wp\/v2\/product\/4996\/revisions\/5000"}],"wp:featuredmedia":[{"embeddable":true,"href":"https:\/\/ecomarketcolombia.com\/index.php\/wp-json\/wp\/v2\/media\/5076"}],"wp:attachment":[{"href":"https:\/\/ecomarketcolombia.com\/index.php\/wp-json\/wp\/v2\/media?parent=4996"}],"curies":[{"name":"wp","href":"https:\/\/api.w.org\/{rel}","templated":true}]}}