{"id":5144,"date":"2020-07-23T16:04:40","date_gmt":"2020-07-23T21:04:40","guid":{"rendered":"http:\/\/ecomarketcolombia.com\/?post_type=product&#038;p=5144"},"modified":"2020-07-23T16:11:28","modified_gmt":"2020-07-23T21:11:28","slug":"jabonnaturallipiezaenergetica","status":"publish","type":"product","link":"https:\/\/ecomarketcolombia.com\/index.php\/product\/jabonnaturallipiezaenergetica\/","title":{"rendered":"Jab\u00f3n natural limpieza energ\u00e9tica y sincron\u00eda"},"content":{"rendered":"","protected":false},"excerpt":{"rendered":"<p>Limpieza Energ\u00e9tica y Sincron\u00eda<\/p>\n<p>Jab\u00f3n natural, hipoalerg\u00e9nico, para uso facial y corporal, sin fragancias artificiales, colorantes sint\u00e9ticos ni preservantes. El jab\u00f3n\u00a0 est\u00e1 enriquecido con aceite de oliva y cuenta en su formulaci\u00f3n con aceites esenciales de Limonaria, Cajeput, y Enebro, ademas de una mezcla especial de esencias florales de Bach.<\/p>\n<p>Presentaci\u00f3n por 135 gramos<\/p>\n","protected":false},"featured_media":5147,"comment_status":"closed","ping_status":"closed","template":"","meta":[],"class_list":["post-5144","product","type-product","status-publish","has-post-thumbnail","hentry","product_cat-cuidadopersonal","product_tag-135gr","product_tag-aceites-escenciales","product_tag-aromaterapia","product_tag-aseo","product_tag-comercio-justo","product_tag-corporal","product_tag-cuidado","product_tag-eco","product_tag-energetica","product_tag-flower-essences","product_tag-handmade","product_tag-hipoalergenico","product_tag-jabon","product_tag-limpieza-energetica","product_tag-local","product_tag-natural","product_tag-organico","product_tag-personal","product_tag-salud","product_tag-saludable","product_tag-sin-quimicos","product_tag-sincronia","product_tag-terragua","product_tag-transformacion"],"_links":{"self":[{"href":"https:\/\/ecomarketcolombia.com\/index.php\/wp-json\/wp\/v2\/product\/5144","targetHints":{"allow":["GET"]}}],"collection":[{"href":"https:\/\/ecomarketcolombia.com\/index.php\/wp-json\/wp\/v2\/product"}],"about":[{"href":"https:\/\/ecomarketcolombia.com\/index.php\/wp-json\/wp\/v2\/types\/product"}],"replies":[{"embeddable":true,"href":"https:\/\/ecomarketcolombia.com\/index.php\/wp-json\/wp\/v2\/comments?post=5144"}],"version-history":[{"count":1,"href":"https:\/\/ecomarketcolombia.com\/index.php\/wp-json\/wp\/v2\/product\/5144\/revisions"}],"predecessor-version":[{"id":5148,"href":"https:\/\/ecomarketcolombia.com\/index.php\/wp-json\/wp\/v2\/product\/5144\/revisions\/5148"}],"wp:featuredmedia":[{"embeddable":true,"href":"https:\/\/ecomarketcolombia.com\/index.php\/wp-json\/wp\/v2\/media\/5147"}],"wp:attachment":[{"href":"https:\/\/ecomarketcolombia.com\/index.php\/wp-json\/wp\/v2\/media?parent=5144"}],"curies":[{"name":"wp","href":"https:\/\/api.w.org\/{rel}","templated":true}]}}