{"id":5173,"date":"2020-07-23T17:07:22","date_gmt":"2020-07-23T22:07:22","guid":{"rendered":"http:\/\/ecomarketcolombia.com\/?post_type=product&#038;p=5173"},"modified":"2020-07-23T17:12:11","modified_gmt":"2020-07-23T22:12:11","slug":"jabonnaturalrenewal","status":"publish","type":"product","link":"https:\/\/ecomarketcolombia.com\/index.php\/product\/jabonnaturalrenewal\/","title":{"rendered":"Jab\u00f3n natural renewal"},"content":{"rendered":"","protected":false},"excerpt":{"rendered":"<p>Renovaci\u00f3n y Regeneraci\u00f3n<\/p>\n<p>Jab\u00f3n natural, hipoalerg\u00e9nico, para uso facial y corporal, sin fragancias artificiales, colorantes sint\u00e9ticos ni preservantes. El jab\u00f3n est\u00e1 elaborado con extracto de flores de Cal\u00e9ndula y \u00e1rbol de t\u00e9 (<em>Melaleuca alternifolia<\/em>), esta enriquecido con aceite de oliva y\u00a0 una mezcla sin\u00e9rgica de aceites esenciales de \u00c1rbol de t\u00e9, Elem\u00ed, lavanda y Romero, ademas de esencias florales de Bach.<br \/>\nSus cualidades dermocosme\u0301ticas ayudan especialmente a la proteccio\u0301n, cuidado y renovacio\u0301n celular de la piel.<\/p>\n<p>Presentaci\u00f3n por 135 gramos<\/p>\n","protected":false},"featured_media":5178,"comment_status":"closed","ping_status":"closed","template":"","meta":[],"class_list":["post-5173","product","type-product","status-publish","has-post-thumbnail","hentry","product_cat-cuidadopersonal","product_tag-135gr","product_tag-aceites-escenciales","product_tag-aromaterapia","product_tag-aseo","product_tag-comercio-justo","product_tag-corporal","product_tag-cuidado","product_tag-eco","product_tag-energetica","product_tag-handmade","product_tag-hipoalergenico","product_tag-jabon","product_tag-local","product_tag-natural","product_tag-organico","product_tag-personal","product_tag-renewal","product_tag-salud","product_tag-saludable","product_tag-sin-quimicos","product_tag-terragua"],"_links":{"self":[{"href":"https:\/\/ecomarketcolombia.com\/index.php\/wp-json\/wp\/v2\/product\/5173","targetHints":{"allow":["GET"]}}],"collection":[{"href":"https:\/\/ecomarketcolombia.com\/index.php\/wp-json\/wp\/v2\/product"}],"about":[{"href":"https:\/\/ecomarketcolombia.com\/index.php\/wp-json\/wp\/v2\/types\/product"}],"replies":[{"embeddable":true,"href":"https:\/\/ecomarketcolombia.com\/index.php\/wp-json\/wp\/v2\/comments?post=5173"}],"version-history":[{"count":1,"href":"https:\/\/ecomarketcolombia.com\/index.php\/wp-json\/wp\/v2\/product\/5173\/revisions"}],"predecessor-version":[{"id":5179,"href":"https:\/\/ecomarketcolombia.com\/index.php\/wp-json\/wp\/v2\/product\/5173\/revisions\/5179"}],"wp:featuredmedia":[{"embeddable":true,"href":"https:\/\/ecomarketcolombia.com\/index.php\/wp-json\/wp\/v2\/media\/5178"}],"wp:attachment":[{"href":"https:\/\/ecomarketcolombia.com\/index.php\/wp-json\/wp\/v2\/media?parent=5173"}],"curies":[{"name":"wp","href":"https:\/\/api.w.org\/{rel}","templated":true}]}}