{"id":5211,"date":"2020-07-23T21:58:39","date_gmt":"2020-07-24T02:58:39","guid":{"rendered":"http:\/\/ecomarketcolombia.com\/?post_type=product&#038;p=5211"},"modified":"2020-08-09T23:04:15","modified_gmt":"2020-08-10T04:04:15","slug":"miellimonjengibre","status":"publish","type":"product","link":"https:\/\/ecomarketcolombia.com\/index.php\/product\/miellimonjengibre\/","title":{"rendered":"Miel infusionada con lim\u00f3n y jengibre"},"content":{"rendered":"","protected":false},"excerpt":{"rendered":"<p>Miel de abejas pura infusionada con la exquisita combinaci\u00f3n de los toques c\u00edtricos del lim\u00f3n y picantes y medicinales del jengibre, dando como resultado una textura menos densa, pero con todo el poder de la medicina natural. Presentaciones de 230 y 390 gramos<\/p>\n","protected":false},"featured_media":5206,"comment_status":"closed","ping_status":"closed","template":"","meta":[],"class_list":["post-5211","product","type-product","status-publish","has-post-thumbnail","hentry","product_cat-endulzantes","product_tag-abeeja","product_tag-abejas","product_tag-colombiano","product_tag-comercio-justo","product_tag-eco","product_tag-ecologico","product_tag-endulzante","product_tag-gastronomia","product_tag-jengibre","product_tag-limon","product_tag-local","product_tag-miel","product_tag-miel-y-cacao","product_tag-natural","product_tag-polen","product_tag-preparaciones","product_tag-saludable","product_tag-snacks","product_tag-super"],"_links":{"self":[{"href":"https:\/\/ecomarketcolombia.com\/index.php\/wp-json\/wp\/v2\/product\/5211","targetHints":{"allow":["GET"]}}],"collection":[{"href":"https:\/\/ecomarketcolombia.com\/index.php\/wp-json\/wp\/v2\/product"}],"about":[{"href":"https:\/\/ecomarketcolombia.com\/index.php\/wp-json\/wp\/v2\/types\/product"}],"replies":[{"embeddable":true,"href":"https:\/\/ecomarketcolombia.com\/index.php\/wp-json\/wp\/v2\/comments?post=5211"}],"version-history":[{"count":1,"href":"https:\/\/ecomarketcolombia.com\/index.php\/wp-json\/wp\/v2\/product\/5211\/revisions"}],"predecessor-version":[{"id":5214,"href":"https:\/\/ecomarketcolombia.com\/index.php\/wp-json\/wp\/v2\/product\/5211\/revisions\/5214"}],"wp:featuredmedia":[{"embeddable":true,"href":"https:\/\/ecomarketcolombia.com\/index.php\/wp-json\/wp\/v2\/media\/5206"}],"wp:attachment":[{"href":"https:\/\/ecomarketcolombia.com\/index.php\/wp-json\/wp\/v2\/media?parent=5211"}],"curies":[{"name":"wp","href":"https:\/\/api.w.org\/{rel}","templated":true}]}}