{"id":5232,"date":"2020-07-23T22:21:06","date_gmt":"2020-07-24T03:21:06","guid":{"rendered":"http:\/\/ecomarketcolombia.com\/?post_type=product&#038;p=5232"},"modified":"2020-08-08T23:19:36","modified_gmt":"2020-08-09T04:19:36","slug":"mielnatural","status":"publish","type":"product","link":"https:\/\/ecomarketcolombia.com\/index.php\/product\/mielnatural\/","title":{"rendered":"Miel natural"},"content":{"rendered":"","protected":false},"excerpt":{"rendered":"<p>Miel pura de abejas, su color, sabor y densidad dependen de la floraci\u00f3n de la zona y de la \u00e9poca en la cual ha sido cosechada. Es totalmente producida en Colombia, en la Sierra Nevada de Santa Marta as\u00ed como en diferentes municipios y corregimientos de los departamentos de Magdalena y Cesar, desde el piedemonte y hasta los 1400 m.s.n.m.. Presentaciones de 230, 390 y 550 gramos<\/p>\n","protected":false},"featured_media":5207,"comment_status":"closed","ping_status":"closed","template":"","meta":[],"class_list":["post-5232","product","type-product","status-publish","has-post-thumbnail","hentry","product_cat-endulzantes","product_tag-230gr","product_tag-390gr","product_tag-550gr","product_tag-abeeja","product_tag-abejas","product_tag-colombiano","product_tag-comercio-justo","product_tag-eco","product_tag-ecologico","product_tag-endulzante","product_tag-gastronomia","product_tag-local","product_tag-miel","product_tag-natural","product_tag-preparaciones","product_tag-saludable","product_tag-snacks","product_tag-super"],"_links":{"self":[{"href":"https:\/\/ecomarketcolombia.com\/index.php\/wp-json\/wp\/v2\/product\/5232","targetHints":{"allow":["GET"]}}],"collection":[{"href":"https:\/\/ecomarketcolombia.com\/index.php\/wp-json\/wp\/v2\/product"}],"about":[{"href":"https:\/\/ecomarketcolombia.com\/index.php\/wp-json\/wp\/v2\/types\/product"}],"replies":[{"embeddable":true,"href":"https:\/\/ecomarketcolombia.com\/index.php\/wp-json\/wp\/v2\/comments?post=5232"}],"version-history":[{"count":1,"href":"https:\/\/ecomarketcolombia.com\/index.php\/wp-json\/wp\/v2\/product\/5232\/revisions"}],"predecessor-version":[{"id":5236,"href":"https:\/\/ecomarketcolombia.com\/index.php\/wp-json\/wp\/v2\/product\/5232\/revisions\/5236"}],"wp:featuredmedia":[{"embeddable":true,"href":"https:\/\/ecomarketcolombia.com\/index.php\/wp-json\/wp\/v2\/media\/5207"}],"wp:attachment":[{"href":"https:\/\/ecomarketcolombia.com\/index.php\/wp-json\/wp\/v2\/media?parent=5232"}],"curies":[{"name":"wp","href":"https:\/\/api.w.org\/{rel}","templated":true}]}}