{"id":5758,"date":"2020-08-14T22:21:30","date_gmt":"2020-08-15T03:21:30","guid":{"rendered":"http:\/\/ecomarketcolombia.com\/?post_type=product&#038;p=5758"},"modified":"2021-06-16T22:52:39","modified_gmt":"2021-06-17T03:52:39","slug":"cremamaranoncocoa","status":"publish","type":"product","link":"https:\/\/ecomarketcolombia.com\/index.php\/product\/cremamaranoncocoa\/","title":{"rendered":"Crema de mara\u00f1\u00f3n cocoa y especias"},"content":{"rendered":"","protected":false},"excerpt":{"rendered":"<p>Cremas de nueces en presentaci\u00f3n de 230gr , producidas por los compa\u00f1eros de Nutti no tienen ning\u00fan aditivo o conservante, son 100% la nuez sin sal ni az\u00facar<\/p>\n","protected":false},"featured_media":5761,"comment_status":"closed","ping_status":"closed","template":"","meta":[],"class_list":["post-5758","product","type-product","status-publish","has-post-thumbnail","hentry","product_cat-nuecessemillas","product_tag-cocoa","product_tag-crema-de-nueces","product_tag-especias","product_tag-frutos-secos","product_tag-maranon","product_tag-nueces"],"_links":{"self":[{"href":"https:\/\/ecomarketcolombia.com\/index.php\/wp-json\/wp\/v2\/product\/5758","targetHints":{"allow":["GET"]}}],"collection":[{"href":"https:\/\/ecomarketcolombia.com\/index.php\/wp-json\/wp\/v2\/product"}],"about":[{"href":"https:\/\/ecomarketcolombia.com\/index.php\/wp-json\/wp\/v2\/types\/product"}],"replies":[{"embeddable":true,"href":"https:\/\/ecomarketcolombia.com\/index.php\/wp-json\/wp\/v2\/comments?post=5758"}],"version-history":[{"count":2,"href":"https:\/\/ecomarketcolombia.com\/index.php\/wp-json\/wp\/v2\/product\/5758\/revisions"}],"predecessor-version":[{"id":6890,"href":"https:\/\/ecomarketcolombia.com\/index.php\/wp-json\/wp\/v2\/product\/5758\/revisions\/6890"}],"wp:featuredmedia":[{"embeddable":true,"href":"https:\/\/ecomarketcolombia.com\/index.php\/wp-json\/wp\/v2\/media\/5761"}],"wp:attachment":[{"href":"https:\/\/ecomarketcolombia.com\/index.php\/wp-json\/wp\/v2\/media?parent=5758"}],"curies":[{"name":"wp","href":"https:\/\/api.w.org\/{rel}","templated":true}]}}