{"id":5813,"date":"2020-08-15T10:45:39","date_gmt":"2020-08-15T15:45:39","guid":{"rendered":"http:\/\/ecomarketcolombia.com\/?post_type=product&#038;p=5813"},"modified":"2020-08-15T11:21:07","modified_gmt":"2020-08-15T16:21:07","slug":"granolamantequillamani","status":"publish","type":"product","link":"https:\/\/ecomarketcolombia.com\/index.php\/product\/granolamantequillamani\/","title":{"rendered":"Granola cacao mantequilla man\u00ed y ar\u00e1ndanos"},"content":{"rendered":"","protected":false},"excerpt":{"rendered":"<p>Granola mantequilla de man\u00ed y ar\u00e1ndanos (Con semillas de calabaza y de ch\u00eda, hojuelas de avena, quinoa inflada, canela, linaza molida, aceite de girasol, miel de abejas y miel de yac\u00f3n.) Disponible en presentaci\u00f3n de 320 gramos.<\/p>\n","protected":false},"featured_media":5817,"comment_status":"closed","ping_status":"closed","template":"","meta":[],"class_list":["post-5813","product","type-product","status-publish","has-post-thumbnail","hentry","product_cat-carealesgranolas","product_tag-aceite-girasol","product_tag-colombiano","product_tag-desayuno","product_tag-frutas","product_tag-girasol","product_tag-granola","product_tag-linaza","product_tag-local","product_tag-miel","product_tag-miel-yacon","product_tag-natural","product_tag-nueces","product_tag-nutritivo","product_tag-quinua","product_tag-region-alegra","product_tag-sal-marina","product_tag-saludable","product_tag-semillas","product_tag-tostado","product_tag-vida-sana"],"_links":{"self":[{"href":"https:\/\/ecomarketcolombia.com\/index.php\/wp-json\/wp\/v2\/product\/5813","targetHints":{"allow":["GET"]}}],"collection":[{"href":"https:\/\/ecomarketcolombia.com\/index.php\/wp-json\/wp\/v2\/product"}],"about":[{"href":"https:\/\/ecomarketcolombia.com\/index.php\/wp-json\/wp\/v2\/types\/product"}],"replies":[{"embeddable":true,"href":"https:\/\/ecomarketcolombia.com\/index.php\/wp-json\/wp\/v2\/comments?post=5813"}],"version-history":[{"count":1,"href":"https:\/\/ecomarketcolombia.com\/index.php\/wp-json\/wp\/v2\/product\/5813\/revisions"}],"predecessor-version":[{"id":5816,"href":"https:\/\/ecomarketcolombia.com\/index.php\/wp-json\/wp\/v2\/product\/5813\/revisions\/5816"}],"wp:featuredmedia":[{"embeddable":true,"href":"https:\/\/ecomarketcolombia.com\/index.php\/wp-json\/wp\/v2\/media\/5817"}],"wp:attachment":[{"href":"https:\/\/ecomarketcolombia.com\/index.php\/wp-json\/wp\/v2\/media?parent=5813"}],"curies":[{"name":"wp","href":"https:\/\/api.w.org\/{rel}","templated":true}]}}