{"id":6175,"date":"2020-08-16T17:16:38","date_gmt":"2020-08-16T22:16:38","guid":{"rendered":"http:\/\/ecomarketcolombia.com\/?post_type=product&#038;p=6175"},"modified":"2020-08-19T00:06:31","modified_gmt":"2020-08-19T05:06:31","slug":"salaguamarina","status":"publish","type":"product","link":"https:\/\/ecomarketcolombia.com\/index.php\/product\/salaguamarina\/","title":{"rendered":"Sal de ba\u00f1o Aguamarina"},"content":{"rendered":"","protected":false},"excerpt":{"rendered":"<p>Mezcla de sales para ba\u00f1o elaborada a mano con sal del Himalaya, sal marina gruesa de Manaure, Sal de mina de Zipaquir\u00e1, Sal gris de Guerande, Sales de Epsom, plantas y aceites esenciales , ideal para uso en ba\u00f1era. pediluvios, ba\u00f1os de cadera o compresas. Con la energ\u00eda purificadora del mar, ha sido creado especialmente para la protecci\u00f3n y limpieza energ\u00e9tica.<br \/>\nNeutraliza vibraciones energ\u00e9ticas de baja frecuencia y ayuda a crear canales de comunicaci\u00f3n con nuestro ser interno fortaleciendo la f\u00e9 y la esperanza como herramientas para el crecimiento y la trascendencia.<\/p>\n<p>Presentaci\u00f3n por 240 gramos<\/p>\n","protected":false},"featured_media":6178,"comment_status":"closed","ping_status":"closed","template":"","meta":[],"class_list":["post-6175","product","type-product","status-publish","has-post-thumbnail","hentry","product_cat-cuidadopersonal","product_tag-135gr","product_tag-aceites-escenciales","product_tag-aromaterapia","product_tag-aseo","product_tag-comercio-justo","product_tag-corporal","product_tag-cuidado","product_tag-eco","product_tag-energetica","product_tag-handmade","product_tag-hipoalergenico","product_tag-incondicional","product_tag-jabon","product_tag-local","product_tag-natural","product_tag-organico","product_tag-personal","product_tag-salud","product_tag-saludable","product_tag-sin-quimicos","product_tag-terragua","product_tag-true-love"],"_links":{"self":[{"href":"https:\/\/ecomarketcolombia.com\/index.php\/wp-json\/wp\/v2\/product\/6175","targetHints":{"allow":["GET"]}}],"collection":[{"href":"https:\/\/ecomarketcolombia.com\/index.php\/wp-json\/wp\/v2\/product"}],"about":[{"href":"https:\/\/ecomarketcolombia.com\/index.php\/wp-json\/wp\/v2\/types\/product"}],"replies":[{"embeddable":true,"href":"https:\/\/ecomarketcolombia.com\/index.php\/wp-json\/wp\/v2\/comments?post=6175"}],"version-history":[{"count":1,"href":"https:\/\/ecomarketcolombia.com\/index.php\/wp-json\/wp\/v2\/product\/6175\/revisions"}],"predecessor-version":[{"id":6179,"href":"https:\/\/ecomarketcolombia.com\/index.php\/wp-json\/wp\/v2\/product\/6175\/revisions\/6179"}],"wp:featuredmedia":[{"embeddable":true,"href":"https:\/\/ecomarketcolombia.com\/index.php\/wp-json\/wp\/v2\/media\/6178"}],"wp:attachment":[{"href":"https:\/\/ecomarketcolombia.com\/index.php\/wp-json\/wp\/v2\/media?parent=6175"}],"curies":[{"name":"wp","href":"https:\/\/api.w.org\/{rel}","templated":true}]}}