{"id":6180,"date":"2020-08-16T17:55:38","date_gmt":"2020-08-16T22:55:38","guid":{"rendered":"http:\/\/ecomarketcolombia.com\/?post_type=product&#038;p=6180"},"modified":"2020-08-19T00:04:20","modified_gmt":"2020-08-19T05:04:20","slug":"salelementals","status":"publish","type":"product","link":"https:\/\/ecomarketcolombia.com\/index.php\/product\/salelementals\/","title":{"rendered":"Sal de ba\u00f1o Elementals"},"content":{"rendered":"","protected":false},"excerpt":{"rendered":"<p>Esta mezcla de plantas amargas, cristales de sal y esencias florales nos despeja y ayuda a limpiar energ\u00edas densas, desvanece la sensaci\u00f3n permanente de temor a la enfermedad y nos brinda un sensaci\u00f3n de bienestar a todo nivel. A nivel f\u00edsico es ideal para relajar los m\u00fasculos y ayudar con los dolores articulares, a nivel emocional nos protege de influencias externas y nos ayuda a eliminar las energ\u00edas densas.<\/p>\n<p>Presentaci\u00f3n por 240 gramos<\/p>\n","protected":false},"featured_media":6183,"comment_status":"closed","ping_status":"closed","template":"","meta":[],"class_list":["post-6180","product","type-product","status-publish","has-post-thumbnail","hentry","product_cat-cuidadopersonal","product_tag-aceites-escenciales","product_tag-aromaterapia","product_tag-comercio-justo","product_tag-corporal","product_tag-cuidado","product_tag-eco","product_tag-energetica","product_tag-handmade","product_tag-incondicional","product_tag-jabon","product_tag-local","product_tag-natural","product_tag-organico","product_tag-personal","product_tag-salud","product_tag-saludable","product_tag-sin-quimicos","product_tag-terragua"],"_links":{"self":[{"href":"https:\/\/ecomarketcolombia.com\/index.php\/wp-json\/wp\/v2\/product\/6180","targetHints":{"allow":["GET"]}}],"collection":[{"href":"https:\/\/ecomarketcolombia.com\/index.php\/wp-json\/wp\/v2\/product"}],"about":[{"href":"https:\/\/ecomarketcolombia.com\/index.php\/wp-json\/wp\/v2\/types\/product"}],"replies":[{"embeddable":true,"href":"https:\/\/ecomarketcolombia.com\/index.php\/wp-json\/wp\/v2\/comments?post=6180"}],"version-history":[{"count":1,"href":"https:\/\/ecomarketcolombia.com\/index.php\/wp-json\/wp\/v2\/product\/6180\/revisions"}],"predecessor-version":[{"id":6189,"href":"https:\/\/ecomarketcolombia.com\/index.php\/wp-json\/wp\/v2\/product\/6180\/revisions\/6189"}],"wp:featuredmedia":[{"embeddable":true,"href":"https:\/\/ecomarketcolombia.com\/index.php\/wp-json\/wp\/v2\/media\/6183"}],"wp:attachment":[{"href":"https:\/\/ecomarketcolombia.com\/index.php\/wp-json\/wp\/v2\/media?parent=6180"}],"curies":[{"name":"wp","href":"https:\/\/api.w.org\/{rel}","templated":true}]}}