{"id":6206,"date":"2020-08-16T20:25:44","date_gmt":"2020-08-17T01:25:44","guid":{"rendered":"http:\/\/ecomarketcolombia.com\/?post_type=product&#038;p=6206"},"modified":"2020-08-19T00:00:43","modified_gmt":"2020-08-19T05:00:43","slug":"saltruelove","status":"publish","type":"product","link":"https:\/\/ecomarketcolombia.com\/index.php\/product\/saltruelove\/","title":{"rendered":"Sal de ba\u00f1o True Love"},"content":{"rendered":"","protected":false},"excerpt":{"rendered":"<p>Es una mezcla de cristales de sal, creada para ayudarte a sintonizar con la vibraci\u00f3n del amor en todas sus manifestaciones. Te acompa\u00f1a durante tu trabajo en el proceso de mejora de autoestima, amor propio, y merecimiento, de gran ayuda cuando estas adelantando un proceso para mejorar la percepci\u00f3n de ti mismo.<br \/>\nNos ayuda a trabajar el sentimiento de insatisfacci\u00f3n con nosotros mismos, tanto con nuestra forma de ser c\u00f3mo con nuestras caracter\u00edsticas f\u00edsicas, cuando somos en extremo duros al juzgarnos y nos cuesta aceptarnos, apreciarnos, y valorarnos tal como somos. Para cuando necesitamos fortalecer nuestro amor propio y la autoestima aumentando la valoraci\u00f3n positiva de nosotros mismos.<br \/>\nNos acompa\u00f1a tambi\u00e9n para trabajar la vibraci\u00f3n del amor en todas sus manifestaciones, amor de pareja, amor a la vida, , amor al trabajo, amor filial etc.<br \/>\nDe gran ayuda cuando necesitamos trabajar los celos, o el desapego hacia la pareja.<\/p>\n<p>Presentaci\u00f3n por 240 gramos<\/p>\n","protected":false},"featured_media":6188,"comment_status":"closed","ping_status":"closed","template":"","meta":[],"class_list":["post-6206","product","type-product","status-publish","has-post-thumbnail","hentry","product_cat-cuidadopersonal","product_tag-aceites-escenciales","product_tag-aromaterapia","product_tag-comercio-justo","product_tag-corporal","product_tag-cuidado","product_tag-eco","product_tag-energetica","product_tag-handmade","product_tag-incondicional","product_tag-jabon","product_tag-local","product_tag-natural","product_tag-organico","product_tag-personal","product_tag-salud","product_tag-saludable","product_tag-sin-quimicos","product_tag-terragua"],"_links":{"self":[{"href":"https:\/\/ecomarketcolombia.com\/index.php\/wp-json\/wp\/v2\/product\/6206","targetHints":{"allow":["GET"]}}],"collection":[{"href":"https:\/\/ecomarketcolombia.com\/index.php\/wp-json\/wp\/v2\/product"}],"about":[{"href":"https:\/\/ecomarketcolombia.com\/index.php\/wp-json\/wp\/v2\/types\/product"}],"replies":[{"embeddable":true,"href":"https:\/\/ecomarketcolombia.com\/index.php\/wp-json\/wp\/v2\/comments?post=6206"}],"version-history":[{"count":1,"href":"https:\/\/ecomarketcolombia.com\/index.php\/wp-json\/wp\/v2\/product\/6206\/revisions"}],"predecessor-version":[{"id":6209,"href":"https:\/\/ecomarketcolombia.com\/index.php\/wp-json\/wp\/v2\/product\/6206\/revisions\/6209"}],"wp:featuredmedia":[{"embeddable":true,"href":"https:\/\/ecomarketcolombia.com\/index.php\/wp-json\/wp\/v2\/media\/6188"}],"wp:attachment":[{"href":"https:\/\/ecomarketcolombia.com\/index.php\/wp-json\/wp\/v2\/media?parent=6206"}],"curies":[{"name":"wp","href":"https:\/\/api.w.org\/{rel}","templated":true}]}}