{"id":6222,"date":"2020-08-17T13:14:14","date_gmt":"2020-08-17T18:14:14","guid":{"rendered":"http:\/\/ecomarketcolombia.com\/?post_type=product&#038;p=6222"},"modified":"2020-09-06T19:32:31","modified_gmt":"2020-09-07T00:32:31","slug":"pantalonafganorayas","status":"publish","type":"product","link":"https:\/\/ecomarketcolombia.com\/index.php\/product\/pantalonafganorayas\/","title":{"rendered":"Pantal\u00f3n afgano rayas"},"content":{"rendered":"","protected":false},"excerpt":{"rendered":"<p>Pantal\u00f3n hind\u00fa estilo afgano de tiro largo. Medidas aproximadas talla \u00fanica: 98cm largo, 55cm ancho m\u00e1ximo de cintura y 80cm de tiro<\/p>\n<p>Material: 100% algod\u00f3n. Ideal para la pr\u00e1ctica de yoga o meditaci\u00f3n. Cada pantal\u00f3n es \u00fanico y es elaborado artesan\u00e1lmente en la India. Peque\u00f1as variaciones en el color, te\u00f1ido de la prenda y costuras son de esperarse y son completamente normales.<\/p>\n","protected":false},"featured_media":6261,"comment_status":"closed","ping_status":"closed","template":"","meta":[],"class_list":["post-6222","product","type-product","status-publish","has-post-thumbnail","hentry","product_cat-ropa-y-accesorios","product_tag-afgano","product_tag-aladino","product_tag-chill-out","product_tag-hindu","product_tag-india","product_tag-resorte","product_tag-ropa","product_tag-yoga"],"_links":{"self":[{"href":"https:\/\/ecomarketcolombia.com\/index.php\/wp-json\/wp\/v2\/product\/6222","targetHints":{"allow":["GET"]}}],"collection":[{"href":"https:\/\/ecomarketcolombia.com\/index.php\/wp-json\/wp\/v2\/product"}],"about":[{"href":"https:\/\/ecomarketcolombia.com\/index.php\/wp-json\/wp\/v2\/types\/product"}],"replies":[{"embeddable":true,"href":"https:\/\/ecomarketcolombia.com\/index.php\/wp-json\/wp\/v2\/comments?post=6222"}],"version-history":[{"count":4,"href":"https:\/\/ecomarketcolombia.com\/index.php\/wp-json\/wp\/v2\/product\/6222\/revisions"}],"predecessor-version":[{"id":6631,"href":"https:\/\/ecomarketcolombia.com\/index.php\/wp-json\/wp\/v2\/product\/6222\/revisions\/6631"}],"wp:featuredmedia":[{"embeddable":true,"href":"https:\/\/ecomarketcolombia.com\/index.php\/wp-json\/wp\/v2\/media\/6261"}],"wp:attachment":[{"href":"https:\/\/ecomarketcolombia.com\/index.php\/wp-json\/wp\/v2\/media?parent=6222"}],"curies":[{"name":"wp","href":"https:\/\/api.w.org\/{rel}","templated":true}]}}