{"id":6304,"date":"2020-08-17T20:47:27","date_gmt":"2020-08-18T01:47:27","guid":{"rendered":"http:\/\/ecomarketcolombia.com\/?post_type=product&#038;p=6304"},"modified":"2020-08-20T20:04:15","modified_gmt":"2020-08-21T01:04:15","slug":"pantalonafgano","status":"publish","type":"product","link":"https:\/\/ecomarketcolombia.com\/index.php\/product\/pantalonafgano\/","title":{"rendered":"Pantal\u00f3n afgano"},"content":{"rendered":"","protected":false},"excerpt":{"rendered":"<p>Pantal\u00f3n traido de Tailandia estilo afgano de tiro largo. Medidas aproximadas talla \u00fanica: 98cm largo, 55cm ancho m\u00e1ximo de cintura y 80cm de tiro<\/p>\n<p>Material: 100% ray\u00f3n. Ideal para la pr\u00e1ctica de yoga o meditaci\u00f3n. Cada pantal\u00f3n es \u00fanico y es elaborado artesanalmente en Tailandia. Peque\u00f1as variaciones en el color, te\u00f1ido de la prenda y costuras son de esperarse y son completamente normales.<\/p>\n","protected":false},"featured_media":6324,"comment_status":"closed","ping_status":"closed","template":"","meta":[],"class_list":["post-6304","product","type-product","status-publish","has-post-thumbnail","hentry","product_cat-ropa-y-accesorios","product_tag-afgano","product_tag-aladino","product_tag-chill-out","product_tag-hindu","product_tag-india","product_tag-resorte","product_tag-ropa","product_tag-yoga"],"_links":{"self":[{"href":"https:\/\/ecomarketcolombia.com\/index.php\/wp-json\/wp\/v2\/product\/6304","targetHints":{"allow":["GET"]}}],"collection":[{"href":"https:\/\/ecomarketcolombia.com\/index.php\/wp-json\/wp\/v2\/product"}],"about":[{"href":"https:\/\/ecomarketcolombia.com\/index.php\/wp-json\/wp\/v2\/types\/product"}],"replies":[{"embeddable":true,"href":"https:\/\/ecomarketcolombia.com\/index.php\/wp-json\/wp\/v2\/comments?post=6304"}],"version-history":[{"count":4,"href":"https:\/\/ecomarketcolombia.com\/index.php\/wp-json\/wp\/v2\/product\/6304\/revisions"}],"predecessor-version":[{"id":6749,"href":"https:\/\/ecomarketcolombia.com\/index.php\/wp-json\/wp\/v2\/product\/6304\/revisions\/6749"}],"wp:featuredmedia":[{"embeddable":true,"href":"https:\/\/ecomarketcolombia.com\/index.php\/wp-json\/wp\/v2\/media\/6324"}],"wp:attachment":[{"href":"https:\/\/ecomarketcolombia.com\/index.php\/wp-json\/wp\/v2\/media?parent=6304"}],"curies":[{"name":"wp","href":"https:\/\/api.w.org\/{rel}","templated":true}]}}